767.
3, 67, 349, 2683
What are the prime factors of 434170551?
3, 144723517
List the prime factors of 81473068.
2, 41, 71, 6997
List the prime factors of 253148819.
7, 11, 17, 17581
List the prime factors of 47482966.
2, 23741483
List the prime factors of 1586685118.
2, 10369, 76511
What are the prime factors of 3457114954?
2, 1728557477
What are the prime factors of 150550947?
3, 5575961
What are the prime factors of 109198287?
3, 11, 122557
List the prime factors of 1696792526.
2, 11, 13, 101, 58741
List the prime factors of 203978954.
2, 17, 67, 151, 593
What are the prime factors of 30461588?
2, 1609, 4733
List the prime factors of 4010192663.
3943, 1017041
What are the prime factors of 17342403?
3, 13, 444677
What are the prime factors of 109973485?
5, 21994697
What are the prime factors of 133894960?
2, 5, 23, 53, 1373
What are the prime factors of 208374354?
2, 3, 311, 37223
What are the prime factors of 22979393?
17, 41, 32969
List the prime factors of 410518488.
2, 3, 2789, 6133
What are the prime factors of 395455023?
3, 43939447
What are the prime factors of 20063540?
2, 5, 7, 59, 347
List the prime factors of 913354427.
17, 3329, 16139
List the prime factors of 475139191.
475139191
What are the prime factors of 100374215?
5, 20074843
List the prime factors of 136235030.
2, 5, 13623503
What are the prime factors of 511774774?
2, 7, 29, 673, 1873
What are the prime factors of 1409955?
3, 5, 93997
List the prime factors of 653455882.
2, 31, 379, 27809
List the prime factors of 300109852.
2, 7, 47, 97, 2351
What are the prime factors of 8832876?
2, 3, 13, 41, 1381
What are the prime factors of 41018977?
17, 37, 65213
List the prime factors of 98495707.
103, 956269
List the prime factors of 736492949.
43, 17127743
List the prime factors of 1443873443.
1443873443
What are the prime factors of 54242009?
5573, 9733
List the prime factors of 6808096515.
3, 5, 11, 167, 247073
List the prime factors of 690124369.
11, 62738579
What are the prime factors of 44728708?
2, 37, 302221
What are the prime factors of 191549558?
2, 31, 83, 37223
List the prime factors of 613968833.
181, 3392093
List the prime factors of 96951484.
2, 7, 839, 4127
What are the prime factors of 599029267?
53, 661, 17099
What are the prime factors of 417357936?
2, 3, 73, 39703
List the prime factors of 1106419256.
2, 4801, 28807
List the prime factors of 49149634.
2, 643, 38219
List the prime factors of 112129103.
112129103
List the prime factors of 23353817.
71, 97, 3391
List the prime factors of 1932878907.
3, 214764323
What are the prime factors of 23012127?
3, 852301
What are the prime factors of 134763701?
61, 443, 4987
List the prime factors of 371520558.
2, 3, 167, 123593
What are the prime factors of 17388211?
19, 43, 21283
List the prime factors of 2458045267.
2458045267
What are the prime factors of 1029881020?
2, 5, 7, 1050899
List the prime factors of 3666730887.
3, 71, 103, 55711
What are the prime factors of 105898211?
105898211
List the prime factors of 102850915.
5, 20570183
List the prime factors of 158519232.
2, 3, 275207
What are the prime factors of 788269857?
3, 262756619
What are the prime factors of 194355784?
2, 7, 73, 47543
What are the prime factors of 249030544?
2, 7, 43, 83, 89
What are the prime factors of 14492498?
2, 7246249
List the prime factors of 1645209492.
2, 3, 2063, 66457
List the prime factors of 3364529591.
3364529591
What are the prime factors of 3398738001?
3, 3221, 351727
What are the prime factors of 1497504566?
2, 79, 89, 109, 977
What are the prime factors of 83108647?
83, 163, 6143
What are the prime factors of 49665437?
101, 491737
List the prime factors of 2316539715.
3, 5, 7, 59, 373937
List the prime factors of 1433364357.
3, 229, 809, 2579
What are the prime factors of 60106039?
7, 8586577
What are the prime factors of 12414591?
3, 7, 28151
What are the prime factors of 247279459?
7, 4297, 8221
List the prime factors of 560867128.
2, 17, 31, 133033
List the prime factors of 676062004.
2, 3257, 51893
What are the prime factors of 2758036955?
5, 551607391
List the prime factors of 4198415362.
2, 587, 3576163
List the prime factors of 999007110.
2, 3, 5, 11100079
List the prime factors of 4055351430.
2, 3, 5, 13, 59, 176243
List the prime factors of 11519756.
2, 211, 13649
List the prime factors of 1211690856.
2, 3, 89, 353, 1607
What are the prime factors of 2120212495?
5, 59, 7187161
What are the prime factors of 251649364?
2, 62912341
List the prime factors of 1255060857.
3, 418353619
List the prime factors of 851392205.
5, 170278441
List the prime factors of 268029866.
2, 13, 73, 283, 499
What are the prime factors of 2459605540?
2, 5, 7, 4049, 4339
List the prime factors of 315069803.
101, 131, 23813
What are the prime factors of 8284509?
3, 43, 21407
List the prime factors of 393477832.
2, 11, 37, 120847
List the prime factors of 1438199821.
23, 62530427
List the prime factors of 21623660.
2, 5, 17, 63599
List the prime factors of 1940545614.
2, 3, 7, 17, 29, 93719
List the prime factors of 191934533.
7, 27419219
List the prime factors of 158106068.
2, 19, 2080343
List the prime factors of 4906603061.
29, 337, 502057
What are the prime factors of 71855107?
17, 43, 98297
What are the prime factors of 1818622162?
2, 7, 191, 97159
List the prime factors of 110624144.
2, 53, 191, 683
List the prime factors of 21558805.
5, 17, 253633
List the prime factors of 4066263475.
5, 162650539
What are the prime factors of 35876796?
2, 3, 31, 96443
List the prime factors of 2372057675.
5, 13, 7298639
List the prime factors of 280862483.
11, 61, 641, 653
What are the prime factors of 13111742?
2, 7, 347, 2699
List the prime factors of 66899219.
37, 283, 6389
What are the prime factors of 283213874?
2, 53, 2671829
What are the prime factors of 88472148?
2, 3, 17, 97, 263
List the prime factors of 6488271047.
6488271047
List the prime factors of 201623163.
3, 7, 31, 309713
What are the prime factors of 1539271761?
3, 47, 10916821
List the prime factors of 835462309.
11, 75951119
List the prime factors of 135266400.
2, 3, 5, 18787
List the prime factors of 61361005.
5, 109, 112589
What are the prime factors of 2563736484?
2, 3, 213644707
What are the prime factors of 293698688?
2, 1109, 2069
What are the prime factors of 1908281163?
3, 41, 15514481
List the prime factors of 1047514268.
2, 1297, 201911
List the prime factors of 194195687.
7, 29, 31, 30859
List the prime factors of 129466585.
5, 29, 181, 4933
List the prime factors of 37535984.
2, 61, 38459
List the prime factors of 60739839.
3, 47, 143593
What are the prime factors of 2530744396?
2, 31, 20409229
List the prime factors of 1550211700.
2, 5, 15502117
What are the prime factors of 2650506656?
2, 7, 157, 75367
List the prime factors of 145798614.
2, 3, 13, 623071
What are the prime factors of 16273867?
16273867
List the prime factors of 2173765390.
2, 5, 217376539
List the prime factors of 160049889.
3, 269, 66109
What are the prime factors of 52527808?
2, 820747
What are the prime factors of 844577866?
2, 11, 1297, 29599
List the prime factors of 21833205.
3, 5, 73, 127, 157
List the prime factors of 633370447.
409, 431, 3593
What are the prime factors of 17797342?
2, 8898671
What are the prime factors of 5301622377?
3, 589069153
List the prime factors of 10941059.
10941059
What are the prime factors of 55646367?
3, 7, 73, 36299
List the prime factors of 2608685812.
2, 652171453
List the prime factors of 259694628.
2, 3, 4357, 4967
List the prime factors of 4029303109.
13, 73, 131, 32411
List the prime factors of 64924653.
3, 19, 23, 49523
What are the prime factors of 94735471?
113, 838367
List the prime factors of 6698715842.
2, 7, 13, 283, 130057
List the prime factors of 318536086.
2, 11, 14478913
What are the prime factors of 78051012?
2, 3, 13, 17, 19, 1549
What are the prime factors of 3014520616?
2, 376815077
What are the prime factors of 12517816?
2, 43, 36389
What are the prime factors of 39969066?
2, 3, 6661511
List the prime factors of 52136142.
2, 3, 29, 97, 3089
List the prime factors of 493580100.
2, 3, 5, 13, 19, 6661
What are the prime factors of 3264061062?
2, 3, 179, 3039163
What are the prime factors of 1012763543?
11, 92069413
What are the prime fac